*3/6 + 3*g**2/2 + g. Let v(w) = -11*w + 5. Let u(k) = -8*i(k) + 5*v(k). Calculate u(r).
4
Let l(q) be the first derivative of -11*q**6/360 + q**4/24 - q**3/3 + 1. Let y(h) be the third derivative of l(h). Let p be ((-3 + 3 + 1)*-1)/1. What is y(p)?
-10
Let t(a) = -1 + 1 - 7 + a + 5. Let p be 10/14 - 2/(-7). What is t(p)?
-1
Let i(c) = -c**3 + 6*c**2 - 10*c - 4. Let k(o) = -o**3 + o**2 - o + 1. Suppose 2*s = -x + 6, 0 = -s - 2*x + 5 + 1. Let r(t) = s*k(t) - i(t). Determine r(-5).
-9
Let d(u) be the first derivative of u**4/8 - u**3/6 + u**2/2 + 3. Let i(k) be the second derivative of d(k). Determine i(1).
2
Let f(h) be the second derivative of -h**5/20 + h**4/4 + h**3/3 + 3*h**2/2 + 9*h. Determine f(3).
9
Suppose -4*u + 20 = -8*u. Let y be (4/u)/((-12)/(-30)). Let f(a) = -2*a**3 - 4*a**2 - a + 2. Calculate f(y).
4
Let i be 4 - (7 - (9 - 5)). Let j(p) = -7*p**3 - 2*p + 1. Give j(i).
-8
Suppose 0 = -3*n + 10 + 5. Suppose -n*v + 0*x + 20 = -2*x, 0 = 3*v + x - 23. Let g(i) = -i**3 + 7*i**2 - 5*i - 3. Determine g(v).
3
Let n(s) = -s**2 + 5*s - 1. Let a = 8 - 4. Let u = -3 - -6. Suppose 4*o = -a*v + 24, 2*o + 0*o + u*v = 14. Give n(o).
3
Let o(y) = -y**3 - 3*y**2 + 6*y + 3. Suppose -2*g - 2*g - 36 = 5*x, -g - 4 = 0. Give o(x).
-5
Let w(h) = 0*h + 2 + 2 + h**2 + h**3 - 2*h - h. Let t be w(-3). Let v(o) = -o**3 - 5*o**2 + o + 1. Determine v(t).
-4
Let b(j) = -1 + 1 - 2 - j. Suppose 2*w = -w. Give b(w).
-2
Suppose -24 = i - 20. Let t(q) = -q + 5. Let d(z) = z. Let c(o) = -2*d(o) - t(o). Calculate c(i).
-1
Suppose 0*c - 5*c = -15. Suppose 2*s = -s - c. Let o(t) be the first derivative of 5*t**2/2 + t - 3. Calculate o(s).
-4
Suppose 6*j = 2*j - 16. Let q be 15/5*(-2)/(-6). Let v(w) = -2*w + w - 3 - q. Calculate v(j).
0
Let t(o) be the third derivative of o**6/120 + o**5/20 + o**4/12 - o**3/3 - 72*o**2. What is t(-4)?
-26
Let u = 4 + -2. Suppose 2*c = -u*c + 20. Let i(d) = -d**3 + 6*d**2 - 7*d + 6. What is i(c)?
-4
Suppose 2*a = 5*a - p - 17, -4*p = 2*a + 12. Let w(l) = l**2 - 5*l + 3. Calculate w(a).
-1
Let c(w) = -w**2 - 4*w + 8. Let a(x) = -x**3 + x**2 + 2*x - 6. Let p be a(2). Calculate c(p).
-4
Let b(r) = -r**3 - 6*r**2 + 19*r + 22. Let a be b(-8). Let z(h) = -4*h. Give z(a).
8
Let a(h) = h**2 + 6*h + 6. Suppose 0 = -4*c - 73 + 1. Let i = c + 12. Determine a(i).
6
Let c(p) = -7*p + 1. Suppose 2*d + u + u = 42, d - 2*u = 27. Let q = -15 + d. Suppose 11 + q = -k - 5*s, 5*k = -2*s - 3. Determine c(k).
-6
Let x be (0/(-2) - 2) + 5. Suppose c = x*c. Suppose c = 5*s - 0 - 5. Let q(r) = 9*r**2 - r. Give q(s).
8
Let o(g) be the third derivative of g**5/60 - g**4/24 - 7*g**3/6 + 3*g**2. Let n be 40/220 + 4/(-22). Determine o(n).
-7
Let w = 8 - 8. Suppose 5*y = -w*y + 25. Let h be (y + -6)*(-2 - 0). Let i(t) = 3*t**2 - 3*t + 2. Calculate i(h).
8
Let r = 38 - 25. Suppose -2 = a - 6, 3*a - r = -p. Let j(m) = -8*m**2 + 4*m - 1. Let v(n) = -40*n**2 + 21*n - 5. Let h(w) = -11*j(w) + 2*v(w). Determine h(p).
7
Let f(n) = 4*n**2 - 6*n**2 + n**2 - 1. Give f(2).
-5
Let s = -21 - -20. Let m(n) be the first derivative of 7*n**3/3 - n**2 - n + 2. Give m(s).
8
Let g(d) = d - 1. Let f(j) = 3*j - 8. Let m(u) = -f(u) + 5*g(u). Suppose 3*w + 5 = -7. What is m(w)?
-5
Let a(g) = -g + 1. Let o be a(-2). Suppose -o*i + 3*k + 24 = -0*k, -3*i + 34 = -5*k. Let v(f) = -i + 3 + 7*f. What is v(1)?
7
Suppose -w - 4*w - 20 = 0. Let c = w + 8. Let v(q) = q**2 - 6*q + 6. What is v(c)?
-2
Let p be 2 - (3 - (0 + 3)). Suppose 4*u + p*n - 2 = 0, u + n + 4 = -n. Let s(w) = -w. Calculate s(u).
-2
Let h(v) = 2*v**2 + v - 1. Let f be 1 + 2 + (1 - 3). Let z(n) = n**3 - n**2 + 1. Let d(o) = f*z(o) + h(o). Let u be ((-6)/9)/(1/3). What is d(u)?
-6
Let n(p) = -p**3 + 7*p**2 - 2*p - 7. Suppose 2*h - 42 + 30 = 0. Determine n(h).
17
Let p(m) be the first derivative of -7*m**3/3 + m**2/2 - m + 1. Let t = -4 + 15. Let l = t + -10. Give p(l).
-7
Suppose 0 = o - h - 4 + 3, 5*o - 50 = -4*h. Let r(g) be the second derivative of -g**5/20 + 7*g**4/12 - 5*g**3/6 + g**2/2 + 2*g. Determine r(o).
7
Let q(t) = -t - 3. Let j(w) = -w**3 + 5*w**2 + 7*w - 6. Let f be j(6). Let u(m) = -3 + 2 + f*m - m**2 + 2*m + 3*m. Let i be u(4). What is q(i)?
-6
Let n(b) = b**3 + 5*b**2 - 8*b. Let z be (18/21)/(-1*3/21). Calculate n(z).
12
Let f(o) = -o**3 - 5*o**2 + 6*o - 2. Suppose 2*b + 0*b - 24 = 0. Let k(r) = -r**2 - 6*r. Let u be k(-6). Suppose v + v + b = u. What is f(v)?
-2
Let o(k) be the first derivative of -17*k**2/2 - 6*k + 1. Let x(d) = 8*d + 3. Let i(w) = -4*o(w) - 9*x(w). Give i(-2).
5
Let s(w) be the third derivative of 7*w**4/24 + w**3/6 + 4*w**2. Let o(l) = l. Let c(u) = -6*o(u) + s(u). Give c(-5).
-4
Let w = -20 - -35. Let v be (10/w)/(2/6). Let h(n) = 1 + v + n - 2. Give h(-2).
-1
Suppose 0 = -z - 3*z + 2*a - 30, -2*z + 2*a = 18. Let s(o) be the second derivative of o**5/20 + 7*o**4/12 + 7*o**3/6 + 3*o**2 - o. Determine s(z).
0
Let n(m) = -2*m**2 - m. Suppose 0 = 2*q - 10, 3*v + 0 = 5*q - 19. Let b(g) = 2*g - v - 6*g + 0*g**2 - g**2. Let d be b(-4). Calculate n(d).
-6
Let o(b) be the second derivative of -b**5/20 - b**4/12 + b**3/6 + b**2 - b. Determine o(-3).
17
Let z(d) be the second derivative of 7*d**5/120 + 2*d**3/3 - 4*d. Let t(g) be the second derivative of z(g). Determine t(1).
7
Let c(v) = v - 9. Let k be 1 - 3*(-2)/(-6). What is c(k)?
-9
Let h(r) = -r**3 + 0*r**3 + 5*r + 2*r + 2*r**2 + 2*r**2 - 4. Let b(f) = f**2 + 3*f + 5. Let l be b(-3). Determine h(l).
6
Suppose 0 = 3*n - 0*n - 12. Let p(q) = -q**2 + 7*q - 5. Calculate p(n).
7
Suppose -3*b = b - 16. Let d(t) = -t - 2. What is d(b)?
-6
Let g(c) = -c - 2. Let q(i) = -i**2 + 5*i + 6. Let v be q(6). Suppose 4*j + 5*w + 8 = v, 3*w = 2*j - 20 + 46. Calculate g(j).
5
Let r(f) = f**2 + 16*f + 17. Let h be r(-15). Let p(g) = 7*g - 2*g - 3*g - g**3 + g**2. Give p(h).
0
Let y(j) be the second derivative of -1/6*j**3 + 0 + 1/12*j**4 + 1/20*j**5 + 2*j + 9/2*j**2. Determine y(0).
9
Let q(h) = 5*h + 2 - 1 - 6 + h**2 + 2. Calculate q(-6).
3
Let m(f) = 6*f**2 - 14. Let k(o) = 2*o**2 - 5. Let v(h) = 17*k(h) - 6*m(h). What is v(-1)?
-3
Let t be -1 + -4*14/(-4). Let b(a) = -a**2 - 5*a + a + 5 + 3*a - t. Give b(0).
-8
Let a(w) = -w**2 + w. Let c(j) = j + 2*j - 2 - 4*j**2 + 3*j. Suppose -3*o + 3 = -0*o. Let s(d) = o*c(d) - 2*a(d). Calculate s(3).
-8
Let x(i) = -8*i**2 + i - 5. Let z(j) = -7*j**2 + j - 4. Let v(f) = -4*x(f) + 5*z(f). Let b = 4 + -5. Calculate v(b).
-4
Let a = -2 + 2. Let i(t) = -4 - t + a + 2. Let q = -179 + 184. Determine i(q).
-7
Let s(u) be the first derivative of -u**3/3 + u**2/2 - u - 15. Determine s(0).
-1
Let u(k) = -2*k - 2. Let s be u(0). Let b(r) = r**3 + r**2 + 2*r. Determine b(s).
-8
Let m(g) = g**2 + 2*g - 5. Suppose 5 = -5*v - 15. What is m(v)?
3
Let s(l) be the first derivative of 5 + 5*l + 1/2*l**2 - 1/3*l**3. What is s(0)?
5
Suppose -4*u - 4 = 8. Let k(a) be the first derivative of -1/4*a**4 + 2*a + 2*a**2 - 2/3*a**3 + 5. What is k(u)?
-1
Suppose 36 = 3*h - 3. Let p(v) = -2*v + h*v - 10*v. Suppose 0 = 2*y - u + 11, -3*y + 2*y - 4*u + 8 = 0. Determine p(y).
-4
Let f(s) = 3*s - 7. Let c = 13 - 7. Give f(c).
11
Suppose 0*j - 1 = -j + f, -40 = -4*j - 5*f. Let o(y) = 5*y - 7. What is o(j)?
18
Let i(s) = s**3 + 2*s**2 - 2. Let w be (-8)/(-2 + 3 + -3). Suppose -2*r - 2*r - b + 12 = 0, -w*b = -5*r - 6. Suppose -2*k = r + 2. Calculate i(k).
-2
Let d(z) = -z + 3. Let m be d(-7). Suppose -5*k = -7*k - m. Let s(n) = n + 5. Determine s(k).
0
Let z(q) = 11*q - 8. Let y(p) = 17*p - 12. Let x(o) = 5*y(o) - 8*z(o). Give x(6).
-14
Let h(s) = 3 - 4*s**3 + 4*s**2 + 3*s**3 - 8*s**2 + 4*s. What is h(-5)?
8
Let b(l) = -2*l**2 - 18*l - 33. Let h(p) = p**2 + 9*p + 17. Let g(q) = -6*b(q) - 11*h(q). Calculate g(-8).
3
Let f(h) = 7*h - 2. Suppose 4*n + d = 4, 2*n + 5*d = 9*d + 20. Determine f(n).
12
Let y(v) = v**3 - v**2 - v + 3. Let b be y(0). Suppose -3*n - 7*c + 2*c + 16 = 0, -4*n + 5*c - 2 = 0. Let s(x) = -2*x**2 + x**2 + n*x - x. Calculate s(b).
-6
Let q(k) be the first derivative of -5 - 2*k**2 + 1/3*k**3 + 3*k. Give q(2).
-1
Let a(w) = 0 + 7*w + 2*w + 1 - w. Determine a(1).
9
Let h(j) = 1. Let f(v) = -25*v + 2. Let n(q) = f(q) - h(q). Let t be n(-1). Suppose t = g + 4*k, k - 23 = g - 4*g. Let s(u) = -u**2 + 6*u - 1. What is s(g)?
-1
Let d(w) = 4*w**3 - w**2 + 